alue of 6 - 9 - (3 + -3) - (-679 - -675)?
1
What is the value of -49 + 28 + 3 + -17 + -31?
-66
What is -36 + 37 + -193 + 174?
-18
Evaluate -12 - (11 + (-12 + -3 + -25 - -17)).
0
Calculate (-44 - -179) + -72 + -16.
47
Calculate (32 + -25 - 7) + (4 - -3).
7
What is -9 + (-13 - -5) + (2 - (-16 - -9) - -94)?
86
Calculate -91 + 146 + 9 - (3 + -2 + 0).
63
(-83 - -149) + -65 - (0 - 0)
1
Evaluate 8 - 2 - (0 - (14 + (-6 - 1 - 16))).
-3
What is 15 + (-7 - (32 + -22)) - (1 - 2 - 0)?
-1
Evaluate (2 - 2) + -1905 + 1852.
-53
91 + (3 - (-11 - 2)) + (-62 - -30)
75
What is 7 - 9 - (15 - (-5 + 27))?
5
What is the value of 44 + -12 - (14 + (-78 - -37))?
59
What is -1 + (66 - -63 - 57)?
71
Calculate (1 - -32) + (253 - 268) - (14 - 6).
10
2295 + -2291 - (-2 - 5)
11
75 + -1 - ((2 - 6) + 1 + 1153 + -1141)
65
Calculate -1712 - -1600 - (1 - 53).
-60
(64 - (-64 + (73 - 28))) + 36
119
Evaluate (15 + 3 - 83) + 94.
29
Calculate (14 - 13 - -1 - 4) + 2 + -2 + 1.
-1
Calculate (-6 + -4 - -61) + -8 + -13 - -1.
31
-2 + 77 + -151 + 7 + 2 + 3 + -2
-66
What is the value of 31 - (57 + (34 - 20))?
-40
What is the value of 1 - 0 - (12 - (20 + (-38 - -19)))?
-10
Calculate (-1 - 74) + (863 - 779).
9
Calculate 2 + 5 + (0 - -4) + (18 - 87).
-58
What is the value of (-10 - -23) + -84 - (2 + (-5 - -7) - 12)?
-63
Calculate -7 - ((-7 - (-4 - 0)) + (8 - 9 - 14)).
11
What is -95 + 41 + 9 - -41?
-4
Evaluate (0 - 57 - (40 + -42)) + -4 + -3 + -3.
-65
What is the value of -4 + 85 + (415 - 434)?
62
What is the value of (-11 - (-92 - -59)) + 35?
57
What is 34 + (2 - 4) + (-11 - (-19 + 7))?
33
What is the value of 15 + 0 - (20 - (101 + -34))?
62
What is 33 + -19 + -33 - -19?
0
Evaluate 698 + -689 - (-1 + (5 - 2)).
7
Calculate -53 + 9 + (-7 - -20).
-31
(-59 - (-118 + 14)) + 14 + (0 - 1)
58
What is the value of 65 + -22 + 1 + -3 + 2 - 18?
25
Calculate (-13 - 1) + 59 + (11 - 9 - -4).
51
What is -493 + 466 - (2 - 19)?
-10
What is (-225 - -227) + (7 + -3 - -34)?
40
What is -10 + (-51 + (27 - 17) - (-2 + -9))?
-40
Calculate -21 - 0 - (-23 - (-226 - -48) - 39).
-137
What is (88 - 123) + (3 - 8) - -18?
-22
Evaluate (13 + -17 - -37) + 8 + -12 + 11.
40
Evaluate (-36 - (2 - (-2 + 4))) + (-168 - (58 - 215)).
-47
What is the value of -12 + -49 - (-1 + (4 + 9 - 40 - -13))?
-46
-62 + 47 - (2 + (-7 - -1) + -4 + -154)
147
What is -8 + (-12 - (36 + -49 - 6))?
-1
18 + -13 + (31 - (-9 - -110))
-65
What is -32 + (-30 - (-106 - (17 + -21)))?
40
What is the value of 29 - ((-77 - -145) + -22)?
-17
Calculate -6 + (68 - 21 - (-6 - -2 - (15 - 8))).
52
What is -26 + (-18 + -11 - -107 - 15)?
37
Evaluate (-2 - -10 - -9) + -435 + 372.
-46
Evaluate (-50 - (94 + -59)) + 169.
84
Calculate -2 + (-17 - -3) + (-126 - (72 + -111)).
-103
Evaluate 29 - (-37 - -81) - 0.
-15
Calculate 59 + 1 - (21 - 2 - -1).
40
3 + (6 - 10) - (-22 - (3 + (4 - 7)))
21
Evaluate 150 + -149 + (171 - 92).
80
Evaluate -21 + (4 + (12 - 21) + -8 - -5).
-29
What is -92 + 404 + -149 - 30?
133
2 + 2 + 13 + -17 + (-28 - -11)
-17
Calculate (168 - -1) + (22202 - 22262).
109
23 + 9 + 2 + -4 - -11
41
Evaluate -2 - (67 + -1) - (-153 - -218 - 51).
-82
Calculate 47 + -75 + -31 - (-1 + 2).
-60
Calculate 10 + (-4 - ((-23 - -7) + 18)).
4
Evaluate (178 - 219 - (-15 - 3)) + 20 - 115.
-118
What is (38 + -42 + 7 + 0 - 11) + -1?
-9
What is -60 + (101 - (116 + -91)) - (-1 + (0 - 53))?
70
What is 49 + (-10 - (13 + -24 + 5))?
45
1 + (-3 - (-7 + -2)) + 52 + -86
-27
Calculate -12743 + 12609 + 135 + 1.
2
(1 + 8 - -67) + 18
94
Evaluate 1 + 18 - (7911 - 7986).
94
Evaluate 26 + -17 + (93 - (-2 + 17)).
87
What is the value of (24 - 31) + 11 + -5 + 30?
29
Calculate -462 - -475 - (61 - -1) - -13.
-36
Calculate -130 - -119 - (1 - -30).
-42
What is -27 + -40 + 51 + (-5 - 9)?
-30
Evaluate 205 + -213 + (-7 + 13 - -18).
16
Calculate -12 + (-15 - -13) + (-2 - (6 - 7)) + 84.
69
9 - (-27 + 75 + -72)
33
What is 0 + (-12 - ((6 - 1) + (7 - 21)))?
-3
What is 0 - 85 - (18 + 9 + -20 - 10)?
-82
31 + 0 + -108 + 149 + -150
-78
What is 21 + -127 + -49 + 62 - (-6 + -1)?
-86
-1452 - -1514 - (-2 - -25)
39
What is the value of 34 + (-285 - -282) + (51 - 1)?
81
3 + -63 - (-419 - -404)
-45
What is the value of (-22 + 7 - (-12 - 3)) + -48 + -14?
-62
Calculate -2303 - -2290 - (3 - 1 - 5).
-10
Evaluate -103 - (-116 + 10) - (3 - 1 - (26 - 6)).
21
16 - (-25 + 24 + -7 + -31)
55
What is -39 - (122 + -102 - (1 - 7))?
-65
(63 - 27 - 43 - (0 + -3 + 0)) + 39
35
Calculate 5 + -53 - (731 - 831).
52
What is -4127 + 4278 + (-210 - 4)?
-63
Evaluate -57 + 82 + 61 + -188.
-102
What is the value of -15 - (-25 + -21) - 10?
21
What is 90 + -18 + (-20 - -4) - 20?
36
1 + 34 - (-3 + -6 + 3 + 8)
33
13 + (62 - 62 - (2 + 20))
-9
What is the value of (2 - 2 - (-55 - -4)) + 21 + 50 + -68?
54
Calculate (98 - 35) + 14 - 36 - 116.
-75
(2 + 24 - -9) + (-33 + 26 - -7)
35
Calculate 22 - (-32 + (39 - (40 - -5))).
60
What is 56 - (-23 + 1 + 32)?
46
Calculate (37 - -23) + -47 - -51.
64
44 - (-3 - 1 - (20 + -3 - 32))
33
What is the value of -1 + 103 + -1 + (27 - (-15 - -66 - 12))?
89
What is the value of -349 + 348 + (-18 - 3)?
-22
What is (-72 + 94 - 16) + (-3 - 105 - 0)?
-102
What is the value of -15 - (13 + 33 - 100)?
39
What is 55 + 53 + -30 + -55?
23
Evaluate -83 + -7 + 11 + 7 - (1 + -1 - 9).
-63
Evaluate -61 + 271 + -139 + -25.
46
Evaluate -17 + 9 + ((-9 - 0) + 74 - 6) - 7.
44
What is -11 + (-26 - -96) - 124?
-65
Calculate (171 - 167) + -3 + 2 + (-5 - (-5 - -3)).
0
Calculate (-57 - (-177 + 121)) + 1 + -9 + 1.
-8
Evaluate 7 + 54 + -20 + -26 - 17.
-2
Calculate -44 - (13 + 43 + -82).
-18
Evaluate (-56 - (2 - (6 + -15))) + 7 + 7.
-53
What is the value of (15 - (13 - 22)) + (-2 - -12)?
34
What is the value of 1044 + -1092 - (-1 + -65)?
18
Calculate -28 - (27 + (7 - 49)).
-13
Evaluate 42 + -32 + (-2 - -3) + -1 - (-82 + 87).
5
What is -20 + (-6 + 7 - 8) + 88?
61
What is 42 - -115 - 108 - (-3 + (0 - (2 - 2)))?
52
-2 + (-1 - -3) + (-4 - (-10 + -11 + 15))
2
Calculate 12 - (-2 + -104 - (-127 + 111) - 21).
123
Calculate -28 + -3 + -7 + 36 + -58.
-60
What is (-20 - (4 - (4 - 4))) + (36 - (21 + 10))?
-19
What is the value of 16 - (140 - (-123 + 229))?
-18
(7 - 0 - (1905 - 1931)) + 74
107
What is the value of -43 + (-2 - (-2 - 1) - -4) - (-3 - 0)?
-35
What is the value of -58 - (-39 + (-8 - -29)) - 49?
-89
Calculate 50 + 30 + -40 + -20.
20
Calculate 20 + -122 + 29 - (-10 - (13 + -16)).
-66
Evaluate (-15 + 37 - 26) + 40 + 0.
36
-25 + (778 - 766) + -9 + -1
-23
Calculate -34 - -67 - (-40 + 46).
27
What is the value of 7 + (-5 - (-27 - -6 - -13)) - 69?
-59
Evaluate 53 + -74 - (23 - 57).
13
What is the value of 2 - 7 - ((-17 + 23 - 20 - 21) + -4)?
34
0 + -1 + 0 - (-35 + (-2 - -9) + -1)
28
Evaluate (22 - -17) + 24 + -14 + 41.
90
What is the value of -97 - -27 - (-224 - -186)?
-32
Calculate (17 - (5 - (-22 - -11))) + -64 + (-3 - -5).
-61
Evaluate 31 + (-5 - ((-1 - (8 - -1)) + 2)).
34
What is 8 + -1 - ((-82 - -39) + 31 + -3)?
22
What is the value of 50 + -23 + -8 + 35 + -2?
52
What is the value of -32 + 31 + -12 + 1 - (2 + 46 + -5)?
-55
What is the value of -66 - (9 - 7) - -13?
-55
-46 + -3 + (5 + 15 - -6 - (-6 + 20))
-37
Evaluate -73 + 134 + -1 + 2 - ((-4 - 1) + 7).
60
(-36 - -13) + 239 + -217
-1
Calculate 69 + (36 - 53) + (5 - -1 - 3).
55
Evaluate (26 - (38 - 24)) + (-1 + 5 - -56).
72
Evaluate 136 + -75 + -9 - (5 - 19).
66
Evaluate (3 - 65) + (6 - (124 - 96)).
-84
What is the value of (-12654 - -12515) + (0 - -137)?
-2
What is 337 - (-30 - -364) - (0 + (-1 - -81))?
-77
What is (2 - -28) + 5 + -5 + 4 + 164 + -173?
25
Evaluate 50 + -10 + -4 + 29 - -15.
80
62 - (-33 - (-19 + -56))
20
Evaluate 42 + (22 - (-59 - -168)).
-45
What is the value of 2 + (-12 + (12 - 2) - -12)?
12
Calculate (-2 + 21 - -3) + (-13 - -16).
25
What is the value of (25 - 9) + (45 - 47 - 23)?
-9
Evaluate (-2 - 61 - 2) + (173 - 194 - (-32 + 11)).
-65
Evaluate (-15 - -27 - -25) + -34.
3
Calculate (21 + 85 - 141) + (-1 + -1 - -10).
-27
What is -13 - -34 - (-3 - -28) - 88 - 11?
-103
19 - ((-1 - 24) + (238 - 251))
57
Calculate -21 + (-44 - -23) + 21 - 86.
-107
What is 24 - (2 + -21 - (115 - 144))?
14
Evaluate (45 - 44) + 4 + 0 + (-2 - -9) - -37.
49
What is the value of -188 - ((-131 - 27) + 46)?
-76
-26 + (-7 - 0) + 3 + -13 + (19 - 9)
-33
Calculate -40 - (-78 + 58) - (0 + 3).
-23
-16 - 20 - -32 - (23 - 12 